h - 2*h - 2*n = 28. What is the units digit of (h + -6)*6/4?
3
Suppose 5*p + 10 = 0, 0*h - 3*h - p = -1. Suppose -2*y = 2*b - 1 - h, 0 = -3*y - 2*b. Let t = 10 - y. What is the units digit of t?
2
Suppose 0 = -165*d + 160*d + 11895. What is the tens digit of d?
7
Let q(d) = d**2 + 19*d + 4. Let m be q(-27). Suppose -5 + m = s. What is the tens digit of s?
1
What is the tens digit of 556 - (-10 + 18)*(-1)/(-2)?
5
Suppose -53*b = -45*b - 3544. What is the hundreds digit of b?
4
Let i(w) = -w**2 - 11*w + 18. Let b be i(-10). What is the units digit of (-1)/(-4) - (-1225)/b?
4
Suppose -5 - 5 = -2*k. Suppose -k*d + 4*d - 59 = -2*v, 2*v + 10 = 0. Let n = 100 + d. What is the tens digit of n?
3
Let b be ((-948)/(-18))/((-3)/(-18)). Let u = b - 99. What is the tens digit of u?
1
Suppose t = -2*g - 14, 0*t - 4*t + 4*g = 44. Let h(w) = -w - 12. Let r be h(t). Suppose 2*p = -r*p + 74. What is the tens digit of p?
3
Suppose 0 = 5*t + 5*y - 109 + 714, 2*t = -5*y - 230. Let o = 211 + t. What is the units digit of o?
6
Suppose -5*p + q = 3, 4*p - 4*q + 3 = 7. Suppose 0 = -9*c + 4*c + 90. Let a = p + c. What is the tens digit of a?
1
Suppose -30*c + 4*y + 5736 = -26*c, 2*c = y + 2867. What is the units digit of c?
3
Let x = -14 + 10. Let r be -2 + 58 - x/(-2). Let y = r + -28. What is the units digit of y?
6
Let j(x) = 2*x - 4. Let r be j(5). Suppose -4*g = -5*p - 26, 4*g = g - 3*p + r. Let t = 27 - g. What is the tens digit of t?
2
Let w = 1 - 2. Let q be (1 - -8)*w/3. What is the tens digit of (-2 + -1)/(q/26)?
2
Let p be (72/45)/(2/10). Let l(q) = q**2 - 8*q + 17. What is the tens digit of l(p)?
1
Let r = -557 + 1272. What is the tens digit of r?
1
Let l(k) = 2*k + 1. Let y be l(4). Suppose 21 = 3*h + y. Suppose 4*o - h*w = 6*o + 6, 2*o = -w + 6. What is the units digit of o?
5
Suppose 4*a + 5*g - 5927 = a, 0 = 5*a + 3*g - 9889. What is the hundreds digit of a?
9
Let m be -3*((-20)/(-3) - 2). Let x = -10 - m. What is the tens digit of (8/x)/((-2)/(-24))?
2
Suppose 0 = -k - a + 1487, 1305 = 4*k - 2*a - 4613. What is the thousands digit of k?
1
Suppose -1241 = -4*f + 7*n - 8*n, -n = -1. What is the units digit of f?
0
Let a be (42/9 - 5) + (-409)/(-3). What is the hundreds digit of 6/2 + 23 + a?
1
Let s(l) = -l**3 + 10*l**2 - 16*l + 6. Let z be s(8). Suppose -3*p = -q - 6*p + 140, 2*p + z = 0. What is the hundreds digit of q?
1
Let b(r) be the first derivative of -r**4/4 + 7*r**3/3 + 6*r**2 - 5*r + 1. Let a be (7 - 72)/(-5) + -5. What is the units digit of b(a)?
7
What is the hundreds digit of (23 + -23 - (-2 + -2)) + 3060?
0
What is the tens digit of (17*(-2)/(-8))/(5/1040)?
8
Suppose o = 4*y + 6*o - 1472, 0 = -2*y - 5*o + 736. Let m = 515 - y. Suppose -2*n - m = -3*d - n, -5*d - n = -237. What is the units digit of d?
8
Let k(d) = -130 + 240 - 137 - 16*d. What is the units digit of k(-4)?
7
Suppose 0 = -3*m + 2*d + 2828, 144 = 5*m - d - 4560. What is the hundreds digit of m?
9
Let o(l) = -2*l - 12. Suppose -a = -3*n - 2, 0 = -5*a - 0*n + 5*n + 10. Suppose a*g + 16 = -0*g. What is the units digit of o(g)?
4
Suppose 11 = -4*q + 3. Let n(b) = -19*b**3 - 2*b**2 - 3*b. What is the tens digit of n(q)?
5
Suppose 44*x - 3*x = 99261. What is the units digit of x?
1
Suppose j + 795 = 2*h + 4*j, -h = j - 397. Suppose 5*m = -2*t + h, m - 170 = -m + 5*t. What is the tens digit of m?
8
Suppose -3*y - 6 = 0, y = -2*o - 3*y + 5142. Suppose -o = -12*t + 1109. What is the units digit of t?
7
Let s(w) = 3*w**2 - w - w**2 + 13 - 6*w - w**2. What is the tens digit of s(13)?
9
Let f(w) = 2*w + 1. Let y be f(-3). Let c(q) = -4*q - 2 + 0*q - 2*q. What is the tens digit of c(y)?
2
Suppose -25*p = -12457 - 10693. What is the units digit of p?
6
What is the hundreds digit of (((-8834)/4)/(-7))/(2/4)?
6
Let r = -1235 + 1897. What is the tens digit of r?
6
Let o be -2 + 8/5 + (-1416)/10. Let c = o + 365. What is the tens digit of c?
2
Let o(w) = -2*w + 12. Let k be (-7)/1 - (-11 + 9). What is the units digit of o(k)?
2
Let l be (-12)/(-10)*(1 - 6). Let v(m) = -m - 6. Let w be v(l). Suppose -t = -w*z - 5*z - 50, 4*z - 30 = -2*t. What is the units digit of t?
5
Let y = -19 - -33. What is the tens digit of (-32)/(-112) + 402/y?
2
Let y = 55 - 52. What is the units digit of (-3 + -7)*y/(30/(-28))?
8
What is the hundreds digit of (-25 + 21)/((-2)/287)?
5
Suppose -3*n - 3*l = -411, -3*n + 343 + 68 = -4*l. What is the hundreds digit of n?
1
Suppose 2*w + 8 = 3*w. Suppose 4*a = -20, f - 13 = -2*f + 2*a. Let h = w + f. What is the units digit of h?
9
Let q = -19 + 446. What is the hundreds digit of q?
4
Let l = 17 + -20. Let j be (-23)/l - 4/6. Let u = j - -4. What is the tens digit of u?
1
Suppose -u + 2*l = -4, 2*u + 2*u - l - 9 = 0. Suppose 4*s - 5 - 66 = -a, 2*a - 162 = u*s. What is the tens digit of a?
7
Suppose 0 = 72*p - 60*p - 17916. What is the units digit of p?
3
What is the tens digit of 1419 - (-5)/((-20)/(-28))?
2
Let i(f) = -f**2 + 8*f + 10. Let x be 10 + (0/(-2)*-1 - 1). What is the units digit of i(x)?
1
Let n(t) = -t**2 + 8*t - 13. Let o be n(5). Suppose -5*j - 5*d = -35, 5*d = o*j + 3*j - 35. What is the units digit of j?
7
Let y(b) = 10*b**2 - b. What is the hundreds digit of y(4)?
1
Let w = 1073 + 292. What is the thousands digit of w?
1
Suppose -4*g = -32*g + 80388. What is the thousands digit of g?
2
Let h(a) = 2*a**2 - 9*a + 15. Let w be h(7). Let m = -32 + w. What is the tens digit of m?
1
Suppose 11*a = 24*a - 10517. What is the units digit of a?
9
Let p(b) = -b**2 - 25*b + 41. What is the tens digit of p(-22)?
0
Suppose -4*b = b - x - 477, 5*b - 3*x - 481 = 0. What is the units digit of 2*1 - (4/(-2) - b)?
9
Let j be 12*(27/6)/3. Let r = j - 16. Suppose 0 = -c + 5*l - 9, 3*c + 5*l - r*l = 45. What is the units digit of c?
1
Let s(g) = -16*g + 8. Let f be s(3). Let p = f - -48. What is the units digit of p?
8
Let v be ((-24)/18)/((-2)/9). Let n(i) = i**2 - 2*i**2 - 5*i - v*i. What is the tens digit of n(-10)?
1
Let p = -78 + 1943. What is the hundreds digit of p?
8
Suppose 2*l - 9 = -4*f - 3, -3 = -5*f - 4*l. Suppose -f*p = -p - 8. Suppose -m + 8 = -p*n, 4*m + 10*n - 53 = 5*n. What is the units digit of m?
2
Let j be ((-6)/4 + -1)*(-24 + 22). Suppose 3*a = 5*a + j*p - 495, 771 = 3*a - 2*p. What is the hundreds digit of a?
2
Let d(i) = i**2 - 9*i + 25. Let b(v) = v - 1. Let o(u) = -2*b(u) + 2*d(u). What is the tens digit of o(15)?
0
Let u = -302 - -578. Suppose 0 = -9*o + 12*o - u. What is the tens digit of o?
9
What is the tens digit of -1299*12/(-36)*5?
6
Suppose -2*t - 2 = 2*f - 6, -2*t = -10. Let q = 7 + f. Suppose 9 = q*h + 3*g, -5*g + 11 = -5*h + 31. What is the units digit of h?
3
Let r(l) = -l - 2. Let b be (2/(-6))/((-1)/(-21)). Let i be r(b). Let z(o) = o + 12. What is the tens digit of z(i)?
1
Suppose -7 - 11 = -3*b - 2*f, 7 = 2*b + 3*f. Let i = 93 - b. What is the units digit of i?
5
Let u(r) = r**2 + 8*r - 4. Suppose 3*w - 5*k + 52 + 0 = 0, 0 = 5*w + 4*k + 25. Let v be u(w). Suppose v*a = a + 36. What is the units digit of a?
9
Let l = 44 - -1620. What is the tens digit of l?
6
Let o = 271 - 67. Let q = o - 67. What is the tens digit of q?
3
Suppose -42 = -5*s - 2*s. Suppose -4*j + 1076 = 3*m, -s*m = 3*j - 11*m - 778. What is the hundreds digit of j?
2
Suppose -3*v = -2*y + 943, 5*y - 4*v - 2513 = -166. What is the tens digit of y?
6
Let t = 13 + -11. Suppose 0 = 5*m + t*i + 56, -2*m - 7*i = -3*i + 16. Let q = 18 - m. What is the tens digit of q?
3
What is the thousands digit of (-168)/(-392) - (-2)/((-28)/(-64422))?
4
Let o(z) = z - 5. Let i be o(6). Suppose -2*y + i = -5. What is the tens digit of (-51)/y*(-3 - -1)?
3
Suppose d + 1 = 4*d - 5*w, -5*w = -5*d + 5. Suppose 25 = -d*p - 5*q, -4*p + 2*p - 4*q - 20 = 0. Let g(s) = s**3 + s + 11. What is the tens digit of g(p)?
1
Let u(x) = -x**3 + 36*x**2 - 64*x + 20. What is the units digit of u(34)?
6
Suppose -3 = -2*q + 5. Suppose q*b - 85 = 23. Suppose -4*z + 52 + b = -x, 5*z - 5*x - 95 = 0. What is the tens digit of z?
2
Let p = 149 - -168. What is the tens digit of p?
1
Let y(h) = h**2 - 2*h + 1. Let z be 10/2 + -3 + 13. Let x = 11 - z. What is the tens digit of y(x)?
2
Suppose 10*k = 14*k - 228. Let a = k + -26. What is the units digit of (2*-4 - -4) + a?
7
Let o = 210 - 321. Let b = 176 + o. Suppose 